{"id":3030,"date":"2023-04-09T10:49:51","date_gmt":"2023-04-09T10:49:51","guid":{"rendered":"https:\/\/ready4uni.eu\/?page_id=3030"},"modified":"2023-04-09T10:50:24","modified_gmt":"2023-04-09T10:50:24","slug":"communication-management","status":"publish","type":"page","link":"https:\/\/ready4uni.eu\/index.php\/degrees\/wroclaw-university\/communication-management\/","title":{"rendered":"Communication Management"},"content":{"rendered":"\t\t<div data-elementor-type=\"wp-page\" data-elementor-id=\"3030\" class=\"elementor elementor-3030\">\n\t\t\t\t\t\t<section class=\"elementor-section elementor-top-section elementor-element elementor-element-d1f0489 elementor-section-full_width elementor-section-height-default elementor-section-height-default\" data-id=\"d1f0489\" data-element_type=\"section\" data-e-type=\"section\">\n\t\t\t\t\t\t<div class=\"elementor-container elementor-column-gap-default\">\n\t\t\t\t\t<div class=\"elementor-column elementor-col-100 elementor-top-column elementor-element elementor-element-3769a0e\" data-id=\"3769a0e\" data-element_type=\"column\" data-e-type=\"column\" data-settings=\"{&quot;background_background&quot;:&quot;slideshow&quot;,&quot;background_slideshow_gallery&quot;:[{&quot;id&quot;:2566,&quot;url&quot;:&quot;http:\\\/\\\/ready4uni.eu\\\/wp-content\\\/uploads\\\/2023\\\/03\\\/UWr-grafiki-historia6.webp&quot;}],&quot;background_slideshow_loop&quot;:&quot;yes&quot;,&quot;background_slideshow_slide_duration&quot;:5000,&quot;background_slideshow_slide_transition&quot;:&quot;fade&quot;,&quot;background_slideshow_transition_duration&quot;:500}\">\n\t\t\t<div class=\"elementor-widget-wrap\">\n\t\t\t\t\t\t\t<\/div>\n\t\t<\/div>\n\t\t\t\t\t<\/div>\n\t\t<\/section>\n\t\t\t\t<section class=\"elementor-section elementor-top-section elementor-element elementor-element-ccbe2c2 elementor-section-full_width elementor-section-height-default elementor-section-height-default\" data-id=\"ccbe2c2\" data-element_type=\"section\" data-e-type=\"section\">\n\t\t\t\t\t\t<div class=\"elementor-container elementor-column-gap-default\">\n\t\t\t\t\t<div class=\"elementor-column elementor-col-100 elementor-top-column elementor-element elementor-element-14856cc\" data-id=\"14856cc\" data-element_type=\"column\" data-e-type=\"column\" data-settings=\"{&quot;background_background&quot;:&quot;slideshow&quot;,&quot;background_slideshow_gallery&quot;:[{&quot;id&quot;:3041,&quot;url&quot;:&quot;http:\\\/\\\/ready4uni.eu\\\/wp-content\\\/uploads\\\/2023\\\/04\\\/zasoby-ludzkie-biznes-zawod-koncepcja-graficzna-scaled.jpg&quot;}],&quot;background_slideshow_loop&quot;:&quot;yes&quot;,&quot;background_slideshow_slide_duration&quot;:5000,&quot;background_slideshow_slide_transition&quot;:&quot;fade&quot;,&quot;background_slideshow_transition_duration&quot;:500}\">\n\t\t\t<div class=\"elementor-widget-wrap elementor-element-populated\">\n\t\t\t\t\t\t<div class=\"elementor-element elementor-element-3a7eac4 elementor-widget__width-inherit elementor-widget elementor-widget-text-editor\" data-id=\"3a7eac4\" data-element_type=\"widget\" data-e-type=\"widget\" data-widget_type=\"text-editor.default\">\n\t\t\t\t<div class=\"elementor-widget-container\">\n\t\t\t\t\t\t\t\t\t<p style=\"font-size: 29px; font-style: normal; font-weight: 400;\">Communication Management<\/p><p style=\"font-size: 29px; font-style: normal; font-weight: 400;\">(advertising, public relations, branding)<\/p>\t\t\t\t\t\t\t\t<\/div>\n\t\t\t\t<\/div>\n\t\t\t\t\t<\/div>\n\t\t<\/div>\n\t\t\t\t\t<\/div>\n\t\t<\/section>\n\t\t\t\t<section class=\"elementor-section elementor-top-section elementor-element elementor-element-c1eff83 elementor-section-boxed elementor-section-height-default elementor-section-height-default\" data-id=\"c1eff83\" data-element_type=\"section\" data-e-type=\"section\">\n\t\t\t\t\t\t<div class=\"elementor-container elementor-column-gap-default\">\n\t\t\t\t\t<div class=\"elementor-column elementor-col-100 elementor-top-column elementor-element elementor-element-62d0fbe\" data-id=\"62d0fbe\" data-element_type=\"column\" data-e-type=\"column\">\n\t\t\t<div class=\"elementor-widget-wrap elementor-element-populated\">\n\t\t\t\t\t\t<div class=\"elementor-element elementor-element-0f3b55c elementor-widget elementor-widget-text-editor\" data-id=\"0f3b55c\" data-element_type=\"widget\" data-e-type=\"widget\" data-widget_type=\"text-editor.default\">\n\t\t\t\t<div class=\"elementor-widget-container\">\n\t\t\t\t\t\t\t\t\t<table><tbody><tr><td><p><span style=\"font-weight: 400;\">Master<\/span><\/p><\/td><td><p><span style=\"font-weight: 400;\">Part-time studies in English<\/span><\/p><\/td><td><p><span style=\"font-weight: 400;\">Faculty of Philology<\/span><\/p><\/td><\/tr><\/tbody><\/table><p><span style=\"font-weight: 400;\">Communication Management studies offer a comprehensive approach to external and internal communication of brands, organizations and their image, by means of existing communication systems. Graduates of the program will have acquired theoretical knowledge and practical competences in the areas of specific aspects of communication of organizations and their external and internal image (advertising, public relations, branding). They will also have acquired detailed knowledge about the range of work and competences of different units of organizations and companies from the creative industry. The educational goal of the program is to build competences connected with designing (also graphic), perceived as an important element of organizational and brand image.<\/span><\/p><p><span style=\"font-weight: 400;\">The core characteristic of Communication Management studies is the focus on building a wide range of competences in the area of communication, economy, marketing and market processes, as well as knowledge about the media in the graduates. In the near future the highly changeable market and media environment will result in a strong need to be oriented on innovativeness and creativity of communication, as well as goal based management. Therefore, these competences will allow the graduates to build a strong position in the labor market and constantly adapt to its needs.\u00a0\u00a0<\/span><\/p><p><span style=\"font-weight: 400;\">The educational goal of the Communication Management studies is to teach the students techniques and methods of appropriate, effective and efficient communication and managing companies, organizations and institutions. The graduates will also have acquired the skill of diagnosing disturbances in communication, as well as anticipating crises and managing them.\u00a0<\/span><\/p><p><span style=\"font-weight: 400;\">Communication Management graduates can work in the following professional areas:<\/span><\/p><ol><li style=\"font-weight: 400;\" aria-level=\"1\"><span style=\"font-weight: 400;\">Cooperation with external customers: counseling, communication management, training (freelancer), opening their own business (advertising, public relations and\/or branding agency).<\/span><\/li><li style=\"font-weight: 400;\" aria-level=\"1\"><span style=\"font-weight: 400;\">Working in a marketing, PR or communication management department in a company or institution<\/span><\/li><li style=\"font-weight: 400;\" aria-level=\"1\"><span style=\"font-weight: 400;\">Working in enterprises, companies or organizations, managing the customer relations process.<\/span><\/li><li style=\"font-weight: 400;\" aria-level=\"1\"><span style=\"font-weight: 400;\">Managing communication in a multicultural organization.<\/span><\/li><li style=\"font-weight: 400;\" aria-level=\"1\"><span style=\"font-weight: 400;\">Designing internal and external communication; designing and implementing visual communication systems.<\/span><\/li><li style=\"font-weight: 400;\" aria-level=\"1\"><span style=\"font-weight: 400;\">Branding and brand management.<\/span><\/li><li style=\"font-weight: 400;\" aria-level=\"1\"><span style=\"font-weight: 400;\">Creative industries in a broad sense (advertising and interactive agencies, social media, PR agencies, media houses, production studios, etc.)<\/span><\/li><\/ol><p><span style=\"font-weight: 400;\">The graduate will be prepared to hold the following functions:<\/span><\/p><ul><li style=\"font-weight: 400;\" aria-level=\"1\"><span style=\"font-weight: 400;\">Communication advisor for enterprises and commercial organizations;<\/span><\/li><li style=\"font-weight: 400;\" aria-level=\"1\"><span style=\"font-weight: 400;\">Image building advisor for public people (politicians, show-business people);<\/span><\/li><li style=\"font-weight: 400;\" aria-level=\"1\"><span style=\"font-weight: 400;\">Image building advisor for organizations and institutions;<\/span><\/li><li style=\"font-weight: 400;\" aria-level=\"1\"><span style=\"font-weight: 400;\">Public Relations or image building department employee in various organizations;<\/span><\/li><li style=\"font-weight: 400;\" aria-level=\"1\"><span style=\"font-weight: 400;\">Image building and efficient communication coach;<\/span><\/li><li style=\"font-weight: 400;\" aria-level=\"1\"><span style=\"font-weight: 400;\">Designer;<\/span><\/li><li style=\"font-weight: 400;\" aria-level=\"1\"><span style=\"font-weight: 400;\">Employee in a film or advertising producing group;<\/span><\/li><li style=\"font-weight: 400;\" aria-level=\"1\"><span style=\"font-weight: 400;\">Interactive agency employee;<\/span><\/li><li style=\"font-weight: 400;\" aria-level=\"1\"><span style=\"font-weight: 400;\">Developer in a company dealing with computer games and\/or software;\u00a0<\/span><\/li><li style=\"font-weight: 400;\" aria-level=\"1\"><span style=\"font-weight: 400;\">Self-presentation and negotiations advisor;<\/span><\/li><li style=\"font-weight: 400;\" aria-level=\"1\"><span style=\"font-weight: 400;\">The graduate of this specialization will also be prepared to start their own company in industries like public relations, advertising, branding, media relations and image building.<\/span><\/li><\/ul><p><span style=\"font-weight: 400;\">The graduates of this program will have an extensive knowledge on social communication, fundamentals of economy and consumer behaviors, as well as vast project competences comprising the general area of image building and management in reference groups.<\/span><\/p><p><span style=\"font-weight: 400;\">There will be a special emphasis on building communication competences, teamwork and negotiating skills, as well as techniques of effective and efficient communication. Practical skills connected with graphic designing in traditional and new media will also be a very important element of the teaching program.\u00a0<\/span><\/p><p><span style=\"font-weight: 400;\">\u00a0***akurat ten link bym szczerze zostawi\u0142 aby by\u0142 do wgl\u0105du\u00a0<\/span><\/p><p><a href=\"https:\/\/dziennikarstwo.uni.wroc.pl\/en\/why-us\/\"><span style=\"font-weight: 400;\">https:\/\/dziennikarstwo.uni.wroc.pl\/en\/why-us\/\u00a0<\/span><\/a><\/p><p><span style=\"font-weight: 400;\">\u00a0<\/span><\/p><p><span style=\"font-weight: 400;\">\u00a0<\/span><\/p><p><span style=\"font-weight: 400;\">CRITERIA FOR GRADUATION WITH A MASTER DEGREE OF A GIVEN PROGRAM \/ MAJOR<\/span><\/p><p><span style=\"font-weight: 400;\">Positive assessment of the master exam and defense of a project appropriate to the core content of studies and completed beforehand<\/span><\/p><p><span style=\"font-weight: 400;\">OTHER REQUIREMENTS<\/span><\/p><p><span style=\"font-weight: 400;\">Examination in a foreign language, level B2+ of the Common European Framework of Reference for Languages.<\/span><\/p><p><span style=\"font-weight: 400;\">PLAN OF STUDIES FOR: Image Communication (advertising, public relations, branding)<\/span><\/p><p><span style=\"font-weight: 400;\">MAJOR:\u00a0 Communication Management<\/span><\/p><p><span style=\"font-weight: 400;\">More details <\/span><a href=\"http:\/\/dziennikarstwo.uni.wroc.pl\/userfiles\/files\/programy%20studi%C3%B3w\/20182019\/Communication%20Management_part%20time_2018_2019.pdf\"><span style=\"font-weight: 400;\">here<\/span><\/a><span style=\"font-weight: 400;\">.<\/span><\/p><p><span style=\"font-weight: 400;\">Download <\/span><a href=\"https:\/\/international.uni.wroc.pl\/sites\/default\/files\/2023-01\/CM_2022_2023.pdf\"><span style=\"font-weight: 400;\">CM_2022_2023.pdf<\/span><\/a><\/p><p><a href=\"https:\/\/international.uni.wroc.pl\/sites\/default\/files\/2023-01\/practical%20guide.pdf\"><span style=\"font-weight: 400;\">practical guide.pdf<\/span><\/a><\/p>\t\t\t\t\t\t\t\t<\/div>\n\t\t\t\t<\/div>\n\t\t\t\t\t<\/div>\n\t\t<\/div>\n\t\t\t\t\t<\/div>\n\t\t<\/section>\n\t\t\t\t<\/div>\n\t\t","protected":false},"excerpt":{"rendered":"<p>Communication Management (advertising, public relations, branding) Master Part-time studies in English Faculty of Philology Communication Management studies offer a comprehensive approach to external and internal communication of brands, organizations and their image, by means of existing communication systems. Graduates of the program will have acquired theoretical knowledge and practical competences in the areas of specific [&hellip;]<\/p>\n","protected":false},"author":1,"featured_media":0,"parent":2285,"menu_order":8,"comment_status":"closed","ping_status":"closed","template":"","meta":{"site-sidebar-layout":"no-sidebar","site-content-layout":"page-builder","ast-site-content-layout":"default","site-content-style":"default","site-sidebar-style":"default","ast-global-header-display":"","ast-banner-title-visibility":"","ast-main-header-display":"","ast-hfb-above-header-display":"","ast-hfb-below-header-display":"","ast-hfb-mobile-header-display":"","site-post-title":"disabled","ast-breadcrumbs-content":"","ast-featured-img":"disabled","footer-sml-layout":"","theme-transparent-header-meta":"","adv-header-id-meta":"","stick-header-meta":"","header-above-stick-meta":"","header-main-stick-meta":"","header-below-stick-meta":"","astra-migrate-meta-layouts":"default","ast-page-background-enabled":"default","ast-page-background-meta":{"desktop":{"background-color":"var(--ast-global-color-4)","background-image":"","background-repeat":"repeat","background-position":"center center","background-size":"auto","background-attachment":"scroll","background-type":"","background-media":"","overlay-type":"","overlay-color":"","overlay-opacity":"","overlay-gradient":""},"tablet":{"background-color":"","background-image":"","background-repeat":"repeat","background-position":"center center","background-size":"auto","background-attachment":"scroll","background-type":"","background-media":"","overlay-type":"","overlay-color":"","overlay-opacity":"","overlay-gradient":""},"mobile":{"background-color":"","background-image":"","background-repeat":"repeat","background-position":"center center","background-size":"auto","background-attachment":"scroll","background-type":"","background-media":"","overlay-type":"","overlay-color":"","overlay-opacity":"","overlay-gradient":""}},"ast-content-background-meta":{"desktop":{"background-color":"var(--ast-global-color-5)","background-image":"","background-repeat":"repeat","background-position":"center center","background-size":"auto","background-attachment":"scroll","background-type":"","background-media":"","overlay-type":"","overlay-color":"","overlay-opacity":"","overlay-gradient":""},"tablet":{"background-color":"var(--ast-global-color-5)","background-image":"","background-repeat":"repeat","background-position":"center center","background-size":"auto","background-attachment":"scroll","background-type":"","background-media":"","overlay-type":"","overlay-color":"","overlay-opacity":"","overlay-gradient":""},"mobile":{"background-color":"var(--ast-global-color-5)","background-image":"","background-repeat":"repeat","background-position":"center center","background-size":"auto","background-attachment":"scroll","background-type":"","background-media":"","overlay-type":"","overlay-color":"","overlay-opacity":"","overlay-gradient":""}},"footnotes":""},"class_list":["post-3030","page","type-page","status-publish","hentry"],"yoast_head":"<!-- This site is optimized with the Yoast SEO plugin v27.3 - https:\/\/yoast.com\/product\/yoast-seo-wordpress\/ -->\n<title>Communication Management -<\/title>\n<meta name=\"robots\" content=\"index, follow, max-snippet:-1, max-image-preview:large, max-video-preview:-1\" \/>\n<link rel=\"canonical\" href=\"https:\/\/ready4uni.eu\/index.php\/degrees\/wroclaw-university\/communication-management\/\" \/>\n<meta property=\"og:locale\" content=\"en_US\" \/>\n<meta property=\"og:type\" content=\"article\" \/>\n<meta property=\"og:title\" content=\"Communication Management -\" \/>\n<meta property=\"og:description\" content=\"Communication Management (advertising, public relations, branding) Master Part-time studies in English Faculty of Philology Communication Management studies offer a comprehensive approach to external and internal communication of brands, organizations and their image, by means of existing communication systems. Graduates of the program will have acquired theoretical knowledge and practical competences in the areas of specific [&hellip;]\" \/>\n<meta property=\"og:url\" content=\"https:\/\/ready4uni.eu\/index.php\/degrees\/wroclaw-university\/communication-management\/\" \/>\n<meta property=\"article:publisher\" content=\"https:\/\/www.facebook.com\/profile.php?id=100089823527571\" \/>\n<meta property=\"article:modified_time\" content=\"2023-04-09T10:50:24+00:00\" \/>\n<meta name=\"twitter:card\" content=\"summary_large_image\" \/>\n<meta name=\"twitter:label1\" content=\"Est. reading time\" \/>\n\t<meta name=\"twitter:data1\" content=\"3 minutes\" \/>\n<script type=\"application\/ld+json\" class=\"yoast-schema-graph\">{\"@context\":\"https:\\\/\\\/schema.org\",\"@graph\":[{\"@type\":\"WebPage\",\"@id\":\"https:\\\/\\\/ready4uni.eu\\\/index.php\\\/degrees\\\/wroclaw-university\\\/communication-management\\\/\",\"url\":\"https:\\\/\\\/ready4uni.eu\\\/index.php\\\/degrees\\\/wroclaw-university\\\/communication-management\\\/\",\"name\":\"Communication Management -\",\"isPartOf\":{\"@id\":\"https:\\\/\\\/ready4uni.eu\\\/#website\"},\"datePublished\":\"2023-04-09T10:49:51+00:00\",\"dateModified\":\"2023-04-09T10:50:24+00:00\",\"breadcrumb\":{\"@id\":\"https:\\\/\\\/ready4uni.eu\\\/index.php\\\/degrees\\\/wroclaw-university\\\/communication-management\\\/#breadcrumb\"},\"inLanguage\":\"en-US\",\"potentialAction\":[{\"@type\":\"ReadAction\",\"target\":[\"https:\\\/\\\/ready4uni.eu\\\/index.php\\\/degrees\\\/wroclaw-university\\\/communication-management\\\/\"]}]},{\"@type\":\"BreadcrumbList\",\"@id\":\"https:\\\/\\\/ready4uni.eu\\\/index.php\\\/degrees\\\/wroclaw-university\\\/communication-management\\\/#breadcrumb\",\"itemListElement\":[{\"@type\":\"ListItem\",\"position\":1,\"name\":\"Home\",\"item\":\"https:\\\/\\\/ready4uni.eu\\\/\"},{\"@type\":\"ListItem\",\"position\":2,\"name\":\"Degrees\",\"item\":\"http:\\\/\\\/ready4uni.eu\\\/index.php\\\/degrees\\\/\"},{\"@type\":\"ListItem\",\"position\":3,\"name\":\"Wroc\u0142aw University\",\"item\":\"http:\\\/\\\/ready4uni.eu\\\/index.php\\\/degrees\\\/wroclaw-university\\\/\"},{\"@type\":\"ListItem\",\"position\":4,\"name\":\"Communication Management\"}]},{\"@type\":\"WebSite\",\"@id\":\"https:\\\/\\\/ready4uni.eu\\\/#website\",\"url\":\"https:\\\/\\\/ready4uni.eu\\\/\",\"name\":\"\",\"description\":\"Realise your dreams\",\"potentialAction\":[{\"@type\":\"SearchAction\",\"target\":{\"@type\":\"EntryPoint\",\"urlTemplate\":\"https:\\\/\\\/ready4uni.eu\\\/?s={search_term_string}\"},\"query-input\":{\"@type\":\"PropertyValueSpecification\",\"valueRequired\":true,\"valueName\":\"search_term_string\"}}],\"inLanguage\":\"en-US\"}]}<\/script>\n<!-- \/ Yoast SEO plugin. -->","yoast_head_json":{"title":"Communication Management -","robots":{"index":"index","follow":"follow","max-snippet":"max-snippet:-1","max-image-preview":"max-image-preview:large","max-video-preview":"max-video-preview:-1"},"canonical":"https:\/\/ready4uni.eu\/index.php\/degrees\/wroclaw-university\/communication-management\/","og_locale":"en_US","og_type":"article","og_title":"Communication Management -","og_description":"Communication Management (advertising, public relations, branding) Master Part-time studies in English Faculty of Philology Communication Management studies offer a comprehensive approach to external and internal communication of brands, organizations and their image, by means of existing communication systems. Graduates of the program will have acquired theoretical knowledge and practical competences in the areas of specific [&hellip;]","og_url":"https:\/\/ready4uni.eu\/index.php\/degrees\/wroclaw-university\/communication-management\/","article_publisher":"https:\/\/www.facebook.com\/profile.php?id=100089823527571","article_modified_time":"2023-04-09T10:50:24+00:00","twitter_card":"summary_large_image","twitter_misc":{"Est. reading time":"3 minutes"},"schema":{"@context":"https:\/\/schema.org","@graph":[{"@type":"WebPage","@id":"https:\/\/ready4uni.eu\/index.php\/degrees\/wroclaw-university\/communication-management\/","url":"https:\/\/ready4uni.eu\/index.php\/degrees\/wroclaw-university\/communication-management\/","name":"Communication Management -","isPartOf":{"@id":"https:\/\/ready4uni.eu\/#website"},"datePublished":"2023-04-09T10:49:51+00:00","dateModified":"2023-04-09T10:50:24+00:00","breadcrumb":{"@id":"https:\/\/ready4uni.eu\/index.php\/degrees\/wroclaw-university\/communication-management\/#breadcrumb"},"inLanguage":"en-US","potentialAction":[{"@type":"ReadAction","target":["https:\/\/ready4uni.eu\/index.php\/degrees\/wroclaw-university\/communication-management\/"]}]},{"@type":"BreadcrumbList","@id":"https:\/\/ready4uni.eu\/index.php\/degrees\/wroclaw-university\/communication-management\/#breadcrumb","itemListElement":[{"@type":"ListItem","position":1,"name":"Home","item":"https:\/\/ready4uni.eu\/"},{"@type":"ListItem","position":2,"name":"Degrees","item":"http:\/\/ready4uni.eu\/index.php\/degrees\/"},{"@type":"ListItem","position":3,"name":"Wroc\u0142aw University","item":"http:\/\/ready4uni.eu\/index.php\/degrees\/wroclaw-university\/"},{"@type":"ListItem","position":4,"name":"Communication Management"}]},{"@type":"WebSite","@id":"https:\/\/ready4uni.eu\/#website","url":"https:\/\/ready4uni.eu\/","name":"","description":"Realise your dreams","potentialAction":[{"@type":"SearchAction","target":{"@type":"EntryPoint","urlTemplate":"https:\/\/ready4uni.eu\/?s={search_term_string}"},"query-input":{"@type":"PropertyValueSpecification","valueRequired":true,"valueName":"search_term_string"}}],"inLanguage":"en-US"}]}},"_links":{"self":[{"href":"https:\/\/ready4uni.eu\/index.php\/wp-json\/wp\/v2\/pages\/3030","targetHints":{"allow":["GET"]}}],"collection":[{"href":"https:\/\/ready4uni.eu\/index.php\/wp-json\/wp\/v2\/pages"}],"about":[{"href":"https:\/\/ready4uni.eu\/index.php\/wp-json\/wp\/v2\/types\/page"}],"author":[{"embeddable":true,"href":"https:\/\/ready4uni.eu\/index.php\/wp-json\/wp\/v2\/users\/1"}],"replies":[{"embeddable":true,"href":"https:\/\/ready4uni.eu\/index.php\/wp-json\/wp\/v2\/comments?post=3030"}],"version-history":[{"count":4,"href":"https:\/\/ready4uni.eu\/index.php\/wp-json\/wp\/v2\/pages\/3030\/revisions"}],"predecessor-version":[{"id":3044,"href":"https:\/\/ready4uni.eu\/index.php\/wp-json\/wp\/v2\/pages\/3030\/revisions\/3044"}],"up":[{"embeddable":true,"href":"https:\/\/ready4uni.eu\/index.php\/wp-json\/wp\/v2\/pages\/2285"}],"wp:attachment":[{"href":"https:\/\/ready4uni.eu\/index.php\/wp-json\/wp\/v2\/media?parent=3030"}],"curies":[{"name":"wp","href":"https:\/\/api.w.org\/{rel}","templated":true}]}}