{"id":2814,"date":"2023-04-06T22:44:35","date_gmt":"2023-04-06T22:44:35","guid":{"rendered":"https:\/\/ready4uni.eu\/?page_id=2814"},"modified":"2023-04-19T18:32:55","modified_gmt":"2023-04-19T18:32:55","slug":"chemical-and-process-engineering","status":"publish","type":"page","link":"https:\/\/ready4uni.eu\/index.php\/degrees\/university-of-science-and-technology\/chemical-and-process-engineering\/","title":{"rendered":"Chemical and process engineering"},"content":{"rendered":"\t\t<div data-elementor-type=\"wp-page\" data-elementor-id=\"2814\" class=\"elementor elementor-2814\">\n\t\t\t\t\t\t<section class=\"elementor-section elementor-top-section elementor-element elementor-element-d1f0489 elementor-section-full_width elementor-section-height-default elementor-section-height-default\" data-id=\"d1f0489\" data-element_type=\"section\" data-e-type=\"section\">\n\t\t\t\t\t\t<div class=\"elementor-container elementor-column-gap-default\">\n\t\t\t\t\t<div class=\"elementor-column elementor-col-100 elementor-top-column elementor-element elementor-element-3769a0e\" data-id=\"3769a0e\" data-element_type=\"column\" data-e-type=\"column\" data-settings=\"{&quot;background_background&quot;:&quot;slideshow&quot;,&quot;background_slideshow_gallery&quot;:[{&quot;id&quot;:2566,&quot;url&quot;:&quot;http:\\\/\\\/ready4uni.eu\\\/wp-content\\\/uploads\\\/2023\\\/03\\\/UWr-grafiki-historia6.webp&quot;}],&quot;background_slideshow_loop&quot;:&quot;yes&quot;,&quot;background_slideshow_slide_duration&quot;:5000,&quot;background_slideshow_slide_transition&quot;:&quot;fade&quot;,&quot;background_slideshow_transition_duration&quot;:500}\">\n\t\t\t<div class=\"elementor-widget-wrap\">\n\t\t\t\t\t\t\t<\/div>\n\t\t<\/div>\n\t\t\t\t\t<\/div>\n\t\t<\/section>\n\t\t\t\t<section class=\"elementor-section elementor-top-section elementor-element elementor-element-ccbe2c2 elementor-section-full_width elementor-section-height-default elementor-section-height-default\" data-id=\"ccbe2c2\" data-element_type=\"section\" data-e-type=\"section\">\n\t\t\t\t\t\t<div class=\"elementor-container elementor-column-gap-default\">\n\t\t\t\t\t<div class=\"elementor-column elementor-col-100 elementor-top-column elementor-element elementor-element-14856cc\" data-id=\"14856cc\" data-element_type=\"column\" data-e-type=\"column\" data-settings=\"{&quot;background_background&quot;:&quot;slideshow&quot;,&quot;background_slideshow_gallery&quot;:[{&quot;id&quot;:2863,&quot;url&quot;:&quot;http:\\\/\\\/ready4uni.eu\\\/wp-content\\\/uploads\\\/2023\\\/04\\\/aptekarz-trzymajacy-kolby-z-plynem-scaled.jpg&quot;}],&quot;background_slideshow_loop&quot;:&quot;yes&quot;,&quot;background_slideshow_slide_duration&quot;:5000,&quot;background_slideshow_slide_transition&quot;:&quot;fade&quot;,&quot;background_slideshow_transition_duration&quot;:500}\">\n\t\t\t<div class=\"elementor-widget-wrap elementor-element-populated\">\n\t\t\t\t\t\t<div class=\"elementor-element elementor-element-3a7eac4 elementor-widget__width-inherit elementor-widget elementor-widget-text-editor\" data-id=\"3a7eac4\" data-element_type=\"widget\" data-e-type=\"widget\" data-widget_type=\"text-editor.default\">\n\t\t\t\t<div class=\"elementor-widget-container\">\n\t\t\t\t\t\t\t\t\t<p style=\"font-size: 29px; font-style: normal; font-weight: 400;\"><span style=\"font-weight: 400;\">Chemical and process engineering <\/span><\/p>\t\t\t\t\t\t\t\t<\/div>\n\t\t\t\t<\/div>\n\t\t\t\t\t<\/div>\n\t\t<\/div>\n\t\t\t\t\t<\/div>\n\t\t<\/section>\n\t\t\t\t<section class=\"elementor-section elementor-top-section elementor-element elementor-element-c1eff83 elementor-section-boxed elementor-section-height-default elementor-section-height-default\" data-id=\"c1eff83\" data-element_type=\"section\" data-e-type=\"section\">\n\t\t\t\t\t\t<div class=\"elementor-container elementor-column-gap-default\">\n\t\t\t\t\t<div class=\"elementor-column elementor-col-100 elementor-top-column elementor-element elementor-element-62d0fbe\" data-id=\"62d0fbe\" data-element_type=\"column\" data-e-type=\"column\">\n\t\t\t<div class=\"elementor-widget-wrap elementor-element-populated\">\n\t\t\t\t\t\t<div class=\"elementor-element elementor-element-0f3b55c elementor-widget elementor-widget-text-editor\" data-id=\"0f3b55c\" data-element_type=\"widget\" data-e-type=\"widget\" data-widget_type=\"text-editor.default\">\n\t\t\t\t<div class=\"elementor-widget-container\">\n\t\t\t\t\t\t\t\t\t<p>Subject description:<\/p><p><span style=\"font-weight: 400;\">The studies provide extended knowledge in the field of mathematical, natural and technical sciences as well as the ability to independently analyze and professionally solve problems in the field of chemical and process engineering. The graduate is prepared to: conduct advanced experimental research, propose and optimize new solutions, work creatively in the design of operations and processes used in the chemical and related industries, and make decisions taking into account technical, legal and logistic conditions.<\/span><\/p>\t\t\t\t\t\t\t\t<\/div>\n\t\t\t\t<\/div>\n\t\t\t\t\t<\/div>\n\t\t<\/div>\n\t\t\t\t\t<\/div>\n\t\t<\/section>\n\t\t\t\t<section class=\"elementor-section elementor-top-section elementor-element elementor-element-91e094e elementor-section-boxed elementor-section-height-default elementor-section-height-default\" data-id=\"91e094e\" data-element_type=\"section\" data-e-type=\"section\">\n\t\t\t\t\t\t<div class=\"elementor-container elementor-column-gap-default\">\n\t\t\t\t\t<div class=\"elementor-column elementor-col-33 elementor-top-column elementor-element elementor-element-2ca0b47\" data-id=\"2ca0b47\" data-element_type=\"column\" data-e-type=\"column\">\n\t\t\t<div class=\"elementor-widget-wrap elementor-element-populated\">\n\t\t\t\t\t\t<div class=\"elementor-element elementor-element-f8a4e17 elementor-widget elementor-widget-heading\" data-id=\"f8a4e17\" data-element_type=\"widget\" data-e-type=\"widget\" data-widget_type=\"heading.default\">\n\t\t\t\t<div class=\"elementor-widget-container\">\n\t\t\t\t\t<h2 class=\"elementor-heading-title elementor-size-default\">Students are able to:<\/h2>\t\t\t\t<\/div>\n\t\t\t\t<\/div>\n\t\t\t\t<div class=\"elementor-element elementor-element-9ea3589 elementor-widget elementor-widget-text-editor\" data-id=\"9ea3589\" data-element_type=\"widget\" data-e-type=\"widget\" data-widget_type=\"text-editor.default\">\n\t\t\t\t<div class=\"elementor-widget-container\">\n\t\t\t\t\t\t\t\t\t<ul><li style=\"font-weight: 400;\" aria-level=\"1\"><span style=\"font-weight: 400;\">understand the phenomena and processes in the field of chemistry and related sciences, describe them and explain<\/span><\/li><li style=\"font-weight: 400;\" aria-level=\"1\"><span style=\"font-weight: 400;\">use advanced computer software used in chemical engineering (e.g. modeling of biochemical structures and processes, chemical databases)<\/span><\/li><li style=\"font-weight: 400;\" aria-level=\"1\"><span style=\"font-weight: 400;\">Design to obtain the product in accordance with applicable standards<\/span><\/li><li style=\"font-weight: 400;\" aria-level=\"1\"><span style=\"font-weight: 400;\">Select chemical equipment and optimize process conditions in the chemical, biotechnology and environmental protection industries, based on process economics<\/span><\/li><\/ul>\t\t\t\t\t\t\t\t<\/div>\n\t\t\t\t<\/div>\n\t\t\t\t\t<\/div>\n\t\t<\/div>\n\t\t\t\t<div class=\"elementor-column elementor-col-66 elementor-top-column elementor-element elementor-element-a7cee8c\" data-id=\"a7cee8c\" data-element_type=\"column\" data-e-type=\"column\">\n\t\t\t<div class=\"elementor-widget-wrap elementor-element-populated\">\n\t\t\t\t\t\t<div class=\"elementor-element elementor-element-dac86df elementor-widget elementor-widget-image\" data-id=\"dac86df\" data-element_type=\"widget\" data-e-type=\"widget\" data-widget_type=\"image.default\">\n\t\t\t\t<div class=\"elementor-widget-container\">\n\t\t\t\t\t\t\t\t\t\t\t\t\t\t\t<img fetchpriority=\"high\" decoding=\"async\" width=\"1024\" height=\"729\" src=\"https:\/\/ready4uni.eu\/wp-content\/uploads\/2023\/04\/klinicysta-pracujacy-w-laboratorium-1024x729.jpg\" class=\"attachment-large size-large wp-image-3642\" alt=\"\" srcset=\"https:\/\/ready4uni.eu\/wp-content\/uploads\/2023\/04\/klinicysta-pracujacy-w-laboratorium-1024x729.jpg 1024w, https:\/\/ready4uni.eu\/wp-content\/uploads\/2023\/04\/klinicysta-pracujacy-w-laboratorium-300x214.jpg 300w, https:\/\/ready4uni.eu\/wp-content\/uploads\/2023\/04\/klinicysta-pracujacy-w-laboratorium-768x547.jpg 768w, https:\/\/ready4uni.eu\/wp-content\/uploads\/2023\/04\/klinicysta-pracujacy-w-laboratorium-1536x1094.jpg 1536w, https:\/\/ready4uni.eu\/wp-content\/uploads\/2023\/04\/klinicysta-pracujacy-w-laboratorium-2048x1459.jpg 2048w\" sizes=\"(max-width: 1024px) 100vw, 1024px\" \/>\t\t\t\t\t\t\t\t\t\t\t\t\t\t\t<\/div>\n\t\t\t\t<\/div>\n\t\t\t\t\t<\/div>\n\t\t<\/div>\n\t\t\t\t\t<\/div>\n\t\t<\/section>\n\t\t\t\t<section class=\"elementor-section elementor-top-section elementor-element elementor-element-1b23d28 elementor-section-boxed elementor-section-height-default elementor-section-height-default\" data-id=\"1b23d28\" data-element_type=\"section\" data-e-type=\"section\">\n\t\t\t\t\t\t<div class=\"elementor-container elementor-column-gap-default\">\n\t\t\t\t\t<div class=\"elementor-column elementor-col-100 elementor-top-column elementor-element elementor-element-228ed07\" data-id=\"228ed07\" data-element_type=\"column\" data-e-type=\"column\">\n\t\t\t<div class=\"elementor-widget-wrap elementor-element-populated\">\n\t\t\t\t\t\t<div class=\"elementor-element elementor-element-3fe37bd elementor-widget elementor-widget-heading\" data-id=\"3fe37bd\" data-element_type=\"widget\" data-e-type=\"widget\" data-widget_type=\"heading.default\">\n\t\t\t\t<div class=\"elementor-widget-container\">\n\t\t\t\t\t<h2 class=\"elementor-heading-title elementor-size-default\">Hiring perspectives:<\/h2>\t\t\t\t<\/div>\n\t\t\t\t<\/div>\n\t\t\t\t\t<\/div>\n\t\t<\/div>\n\t\t\t\t\t<\/div>\n\t\t<\/section>\n\t\t\t\t<section class=\"elementor-section elementor-top-section elementor-element elementor-element-d417a23 elementor-section-boxed elementor-section-height-default elementor-section-height-default\" data-id=\"d417a23\" data-element_type=\"section\" data-e-type=\"section\">\n\t\t\t\t\t\t<div class=\"elementor-container elementor-column-gap-default\">\n\t\t\t\t\t<div class=\"elementor-column elementor-col-100 elementor-top-column elementor-element elementor-element-eabfab9\" data-id=\"eabfab9\" data-element_type=\"column\" data-e-type=\"column\">\n\t\t\t<div class=\"elementor-widget-wrap elementor-element-populated\">\n\t\t\t\t\t\t<div class=\"elementor-element elementor-element-03a1777 elementor-widget elementor-widget-text-editor\" data-id=\"03a1777\" data-element_type=\"widget\" data-e-type=\"widget\" data-widget_type=\"text-editor.default\">\n\t\t\t\t<div class=\"elementor-widget-container\">\n\t\t\t\t\t\t\t\t\t<ul><li style=\"font-weight: 400;\" aria-level=\"1\"><span style=\"font-weight: 400;\">chemical, petrochemical, food, pharmaceutical, brewing and wine industries<\/span><\/li><li style=\"font-weight: 400;\" aria-level=\"1\"><span style=\"font-weight: 400;\">work in industrial, municipal sewage and industrial gas treatment plants<\/span><\/li><li style=\"font-weight: 400;\" aria-level=\"1\"><span style=\"font-weight: 400;\">production of materials for industrial installations,<\/span><\/li><li style=\"font-weight: 400;\" aria-level=\"1\"><span style=\"font-weight: 400;\">specialist in obtaining renewable energy<\/span><\/li><li style=\"font-weight: 400;\" aria-level=\"1\"><span style=\"font-weight: 400;\">biotechnology industry, designing of drug carriers<\/span><\/li><li style=\"font-weight: 400;\" aria-level=\"1\"><span style=\"font-weight: 400;\">nanotechnology companies<\/span><\/li><\/ul>\t\t\t\t\t\t\t\t<\/div>\n\t\t\t\t<\/div>\n\t\t\t\t\t<\/div>\n\t\t<\/div>\n\t\t\t\t\t<\/div>\n\t\t<\/section>\n\t\t\t\t<section class=\"elementor-section elementor-top-section elementor-element elementor-element-28b79c8 elementor-section-boxed elementor-section-height-default elementor-section-height-default\" data-id=\"28b79c8\" data-element_type=\"section\" data-e-type=\"section\">\n\t\t\t\t\t\t<div class=\"elementor-container elementor-column-gap-default\">\n\t\t\t\t\t<div class=\"elementor-column elementor-col-100 elementor-top-column elementor-element elementor-element-dd110d3\" data-id=\"dd110d3\" data-element_type=\"column\" data-e-type=\"column\">\n\t\t\t<div class=\"elementor-widget-wrap elementor-element-populated\">\n\t\t\t\t\t\t<div class=\"elementor-element elementor-element-53774f9 elementor-widget elementor-widget-heading\" data-id=\"53774f9\" data-element_type=\"widget\" data-e-type=\"widget\" data-widget_type=\"heading.default\">\n\t\t\t\t<div class=\"elementor-widget-container\">\n\t\t\t\t\t<h2 class=\"elementor-heading-title elementor-size-default\">Internships<\/h2>\t\t\t\t<\/div>\n\t\t\t\t<\/div>\n\t\t\t\t<div class=\"elementor-element elementor-element-106d513 elementor-widget elementor-widget-text-editor\" data-id=\"106d513\" data-element_type=\"widget\" data-e-type=\"widget\" data-widget_type=\"text-editor.default\">\n\t\t\t\t<div class=\"elementor-widget-container\">\n\t\t\t\t\t\t\t\t\t<ul><li style=\"font-weight: 400;\" aria-level=\"1\"><span style=\"font-weight: 400;\">PCC Rokita SA, TORF Corporation, Wroc\u0142awska Oczyszczalnia \u015aciek\u00f3w<\/span><\/li><li style=\"font-weight: 400;\" aria-level=\"1\"><span style=\"font-weight: 400;\">Browar Dolno\u015bl\u0105ski<\/span><\/li><\/ul>\t\t\t\t\t\t\t\t<\/div>\n\t\t\t\t<\/div>\n\t\t\t\t\t<\/div>\n\t\t<\/div>\n\t\t\t\t\t<\/div>\n\t\t<\/section>\n\t\t\t\t<\/div>\n\t\t","protected":false},"excerpt":{"rendered":"<p>Chemical and process engineering Subject description: The studies provide extended knowledge in the field of mathematical, natural and technical sciences as well as the ability to independently analyze and professionally solve problems in the field of chemical and process engineering. The graduate is prepared to: conduct advanced experimental research, propose and optimize new solutions, work [&hellip;]<\/p>\n","protected":false},"author":1,"featured_media":0,"parent":2739,"menu_order":4,"comment_status":"closed","ping_status":"closed","template":"","meta":{"site-sidebar-layout":"no-sidebar","site-content-layout":"page-builder","ast-site-content-layout":"default","site-content-style":"default","site-sidebar-style":"default","ast-global-header-display":"","ast-banner-title-visibility":"","ast-main-header-display":"","ast-hfb-above-header-display":"","ast-hfb-below-header-display":"","ast-hfb-mobile-header-display":"","site-post-title":"disabled","ast-breadcrumbs-content":"","ast-featured-img":"disabled","footer-sml-layout":"","theme-transparent-header-meta":"","adv-header-id-meta":"","stick-header-meta":"","header-above-stick-meta":"","header-main-stick-meta":"","header-below-stick-meta":"","astra-migrate-meta-layouts":"default","ast-page-background-enabled":"default","ast-page-background-meta":{"desktop":{"background-color":"var(--ast-global-color-4)","background-image":"","background-repeat":"repeat","background-position":"center center","background-size":"auto","background-attachment":"scroll","background-type":"","background-media":"","overlay-type":"","overlay-color":"","overlay-opacity":"","overlay-gradient":""},"tablet":{"background-color":"","background-image":"","background-repeat":"repeat","background-position":"center center","background-size":"auto","background-attachment":"scroll","background-type":"","background-media":"","overlay-type":"","overlay-color":"","overlay-opacity":"","overlay-gradient":""},"mobile":{"background-color":"","background-image":"","background-repeat":"repeat","background-position":"center center","background-size":"auto","background-attachment":"scroll","background-type":"","background-media":"","overlay-type":"","overlay-color":"","overlay-opacity":"","overlay-gradient":""}},"ast-content-background-meta":{"desktop":{"background-color":"var(--ast-global-color-5)","background-image":"","background-repeat":"repeat","background-position":"center center","background-size":"auto","background-attachment":"scroll","background-type":"","background-media":"","overlay-type":"","overlay-color":"","overlay-opacity":"","overlay-gradient":""},"tablet":{"background-color":"var(--ast-global-color-5)","background-image":"","background-repeat":"repeat","background-position":"center center","background-size":"auto","background-attachment":"scroll","background-type":"","background-media":"","overlay-type":"","overlay-color":"","overlay-opacity":"","overlay-gradient":""},"mobile":{"background-color":"var(--ast-global-color-5)","background-image":"","background-repeat":"repeat","background-position":"center center","background-size":"auto","background-attachment":"scroll","background-type":"","background-media":"","overlay-type":"","overlay-color":"","overlay-opacity":"","overlay-gradient":""}},"footnotes":""},"class_list":["post-2814","page","type-page","status-publish","hentry"],"yoast_head":"<!-- This site is optimized with the Yoast SEO plugin v27.3 - https:\/\/yoast.com\/product\/yoast-seo-wordpress\/ -->\n<title>Chemical and process engineering -<\/title>\n<meta name=\"robots\" content=\"index, follow, max-snippet:-1, max-image-preview:large, max-video-preview:-1\" \/>\n<link rel=\"canonical\" href=\"https:\/\/ready4uni.eu\/index.php\/degrees\/university-of-science-and-technology\/chemical-and-process-engineering\/\" \/>\n<meta property=\"og:locale\" content=\"en_US\" \/>\n<meta property=\"og:type\" content=\"article\" \/>\n<meta property=\"og:title\" content=\"Chemical and process engineering -\" \/>\n<meta property=\"og:description\" content=\"Chemical and process engineering Subject description: The studies provide extended knowledge in the field of mathematical, natural and technical sciences as well as the ability to independently analyze and professionally solve problems in the field of chemical and process engineering. The graduate is prepared to: conduct advanced experimental research, propose and optimize new solutions, work [&hellip;]\" \/>\n<meta property=\"og:url\" content=\"https:\/\/ready4uni.eu\/index.php\/degrees\/university-of-science-and-technology\/chemical-and-process-engineering\/\" \/>\n<meta property=\"article:publisher\" content=\"https:\/\/www.facebook.com\/profile.php?id=100089823527571\" \/>\n<meta property=\"article:modified_time\" content=\"2023-04-19T18:32:55+00:00\" \/>\n<meta property=\"og:image\" content=\"http:\/\/ready4uni.eu\/wp-content\/uploads\/2023\/04\/klinicysta-pracujacy-w-laboratorium-1024x729.jpg\" \/>\n<meta name=\"twitter:card\" content=\"summary_large_image\" \/>\n<meta name=\"twitter:label1\" content=\"Est. reading time\" \/>\n\t<meta name=\"twitter:data1\" content=\"2 minutes\" \/>\n<script type=\"application\/ld+json\" class=\"yoast-schema-graph\">{\"@context\":\"https:\\\/\\\/schema.org\",\"@graph\":[{\"@type\":\"WebPage\",\"@id\":\"https:\\\/\\\/ready4uni.eu\\\/index.php\\\/degrees\\\/university-of-science-and-technology\\\/chemical-and-process-engineering\\\/\",\"url\":\"https:\\\/\\\/ready4uni.eu\\\/index.php\\\/degrees\\\/university-of-science-and-technology\\\/chemical-and-process-engineering\\\/\",\"name\":\"Chemical and process engineering -\",\"isPartOf\":{\"@id\":\"https:\\\/\\\/ready4uni.eu\\\/#website\"},\"primaryImageOfPage\":{\"@id\":\"https:\\\/\\\/ready4uni.eu\\\/index.php\\\/degrees\\\/university-of-science-and-technology\\\/chemical-and-process-engineering\\\/#primaryimage\"},\"image\":{\"@id\":\"https:\\\/\\\/ready4uni.eu\\\/index.php\\\/degrees\\\/university-of-science-and-technology\\\/chemical-and-process-engineering\\\/#primaryimage\"},\"thumbnailUrl\":\"http:\\\/\\\/ready4uni.eu\\\/wp-content\\\/uploads\\\/2023\\\/04\\\/klinicysta-pracujacy-w-laboratorium-1024x729.jpg\",\"datePublished\":\"2023-04-06T22:44:35+00:00\",\"dateModified\":\"2023-04-19T18:32:55+00:00\",\"breadcrumb\":{\"@id\":\"https:\\\/\\\/ready4uni.eu\\\/index.php\\\/degrees\\\/university-of-science-and-technology\\\/chemical-and-process-engineering\\\/#breadcrumb\"},\"inLanguage\":\"en-US\",\"potentialAction\":[{\"@type\":\"ReadAction\",\"target\":[\"https:\\\/\\\/ready4uni.eu\\\/index.php\\\/degrees\\\/university-of-science-and-technology\\\/chemical-and-process-engineering\\\/\"]}]},{\"@type\":\"ImageObject\",\"inLanguage\":\"en-US\",\"@id\":\"https:\\\/\\\/ready4uni.eu\\\/index.php\\\/degrees\\\/university-of-science-and-technology\\\/chemical-and-process-engineering\\\/#primaryimage\",\"url\":\"http:\\\/\\\/ready4uni.eu\\\/wp-content\\\/uploads\\\/2023\\\/04\\\/klinicysta-pracujacy-w-laboratorium-1024x729.jpg\",\"contentUrl\":\"http:\\\/\\\/ready4uni.eu\\\/wp-content\\\/uploads\\\/2023\\\/04\\\/klinicysta-pracujacy-w-laboratorium-1024x729.jpg\"},{\"@type\":\"BreadcrumbList\",\"@id\":\"https:\\\/\\\/ready4uni.eu\\\/index.php\\\/degrees\\\/university-of-science-and-technology\\\/chemical-and-process-engineering\\\/#breadcrumb\",\"itemListElement\":[{\"@type\":\"ListItem\",\"position\":1,\"name\":\"Home\",\"item\":\"https:\\\/\\\/ready4uni.eu\\\/\"},{\"@type\":\"ListItem\",\"position\":2,\"name\":\"Degrees\",\"item\":\"http:\\\/\\\/ready4uni.eu\\\/index.php\\\/degrees\\\/\"},{\"@type\":\"ListItem\",\"position\":3,\"name\":\"University of Science and Technology\",\"item\":\"http:\\\/\\\/ready4uni.eu\\\/index.php\\\/degrees\\\/university-of-science-and-technology\\\/\"},{\"@type\":\"ListItem\",\"position\":4,\"name\":\"Chemical and process engineering\"}]},{\"@type\":\"WebSite\",\"@id\":\"https:\\\/\\\/ready4uni.eu\\\/#website\",\"url\":\"https:\\\/\\\/ready4uni.eu\\\/\",\"name\":\"\",\"description\":\"Realise your dreams\",\"potentialAction\":[{\"@type\":\"SearchAction\",\"target\":{\"@type\":\"EntryPoint\",\"urlTemplate\":\"https:\\\/\\\/ready4uni.eu\\\/?s={search_term_string}\"},\"query-input\":{\"@type\":\"PropertyValueSpecification\",\"valueRequired\":true,\"valueName\":\"search_term_string\"}}],\"inLanguage\":\"en-US\"}]}<\/script>\n<!-- \/ Yoast SEO plugin. -->","yoast_head_json":{"title":"Chemical and process engineering -","robots":{"index":"index","follow":"follow","max-snippet":"max-snippet:-1","max-image-preview":"max-image-preview:large","max-video-preview":"max-video-preview:-1"},"canonical":"https:\/\/ready4uni.eu\/index.php\/degrees\/university-of-science-and-technology\/chemical-and-process-engineering\/","og_locale":"en_US","og_type":"article","og_title":"Chemical and process engineering -","og_description":"Chemical and process engineering Subject description: The studies provide extended knowledge in the field of mathematical, natural and technical sciences as well as the ability to independently analyze and professionally solve problems in the field of chemical and process engineering. The graduate is prepared to: conduct advanced experimental research, propose and optimize new solutions, work [&hellip;]","og_url":"https:\/\/ready4uni.eu\/index.php\/degrees\/university-of-science-and-technology\/chemical-and-process-engineering\/","article_publisher":"https:\/\/www.facebook.com\/profile.php?id=100089823527571","article_modified_time":"2023-04-19T18:32:55+00:00","og_image":[{"url":"http:\/\/ready4uni.eu\/wp-content\/uploads\/2023\/04\/klinicysta-pracujacy-w-laboratorium-1024x729.jpg","type":"","width":"","height":""}],"twitter_card":"summary_large_image","twitter_misc":{"Est. reading time":"2 minutes"},"schema":{"@context":"https:\/\/schema.org","@graph":[{"@type":"WebPage","@id":"https:\/\/ready4uni.eu\/index.php\/degrees\/university-of-science-and-technology\/chemical-and-process-engineering\/","url":"https:\/\/ready4uni.eu\/index.php\/degrees\/university-of-science-and-technology\/chemical-and-process-engineering\/","name":"Chemical and process engineering -","isPartOf":{"@id":"https:\/\/ready4uni.eu\/#website"},"primaryImageOfPage":{"@id":"https:\/\/ready4uni.eu\/index.php\/degrees\/university-of-science-and-technology\/chemical-and-process-engineering\/#primaryimage"},"image":{"@id":"https:\/\/ready4uni.eu\/index.php\/degrees\/university-of-science-and-technology\/chemical-and-process-engineering\/#primaryimage"},"thumbnailUrl":"http:\/\/ready4uni.eu\/wp-content\/uploads\/2023\/04\/klinicysta-pracujacy-w-laboratorium-1024x729.jpg","datePublished":"2023-04-06T22:44:35+00:00","dateModified":"2023-04-19T18:32:55+00:00","breadcrumb":{"@id":"https:\/\/ready4uni.eu\/index.php\/degrees\/university-of-science-and-technology\/chemical-and-process-engineering\/#breadcrumb"},"inLanguage":"en-US","potentialAction":[{"@type":"ReadAction","target":["https:\/\/ready4uni.eu\/index.php\/degrees\/university-of-science-and-technology\/chemical-and-process-engineering\/"]}]},{"@type":"ImageObject","inLanguage":"en-US","@id":"https:\/\/ready4uni.eu\/index.php\/degrees\/university-of-science-and-technology\/chemical-and-process-engineering\/#primaryimage","url":"http:\/\/ready4uni.eu\/wp-content\/uploads\/2023\/04\/klinicysta-pracujacy-w-laboratorium-1024x729.jpg","contentUrl":"http:\/\/ready4uni.eu\/wp-content\/uploads\/2023\/04\/klinicysta-pracujacy-w-laboratorium-1024x729.jpg"},{"@type":"BreadcrumbList","@id":"https:\/\/ready4uni.eu\/index.php\/degrees\/university-of-science-and-technology\/chemical-and-process-engineering\/#breadcrumb","itemListElement":[{"@type":"ListItem","position":1,"name":"Home","item":"https:\/\/ready4uni.eu\/"},{"@type":"ListItem","position":2,"name":"Degrees","item":"http:\/\/ready4uni.eu\/index.php\/degrees\/"},{"@type":"ListItem","position":3,"name":"University of Science and Technology","item":"http:\/\/ready4uni.eu\/index.php\/degrees\/university-of-science-and-technology\/"},{"@type":"ListItem","position":4,"name":"Chemical and process engineering"}]},{"@type":"WebSite","@id":"https:\/\/ready4uni.eu\/#website","url":"https:\/\/ready4uni.eu\/","name":"","description":"Realise your dreams","potentialAction":[{"@type":"SearchAction","target":{"@type":"EntryPoint","urlTemplate":"https:\/\/ready4uni.eu\/?s={search_term_string}"},"query-input":{"@type":"PropertyValueSpecification","valueRequired":true,"valueName":"search_term_string"}}],"inLanguage":"en-US"}]}},"_links":{"self":[{"href":"https:\/\/ready4uni.eu\/index.php\/wp-json\/wp\/v2\/pages\/2814","targetHints":{"allow":["GET"]}}],"collection":[{"href":"https:\/\/ready4uni.eu\/index.php\/wp-json\/wp\/v2\/pages"}],"about":[{"href":"https:\/\/ready4uni.eu\/index.php\/wp-json\/wp\/v2\/types\/page"}],"author":[{"embeddable":true,"href":"https:\/\/ready4uni.eu\/index.php\/wp-json\/wp\/v2\/users\/1"}],"replies":[{"embeddable":true,"href":"https:\/\/ready4uni.eu\/index.php\/wp-json\/wp\/v2\/comments?post=2814"}],"version-history":[{"count":22,"href":"https:\/\/ready4uni.eu\/index.php\/wp-json\/wp\/v2\/pages\/2814\/revisions"}],"predecessor-version":[{"id":4266,"href":"https:\/\/ready4uni.eu\/index.php\/wp-json\/wp\/v2\/pages\/2814\/revisions\/4266"}],"up":[{"embeddable":true,"href":"https:\/\/ready4uni.eu\/index.php\/wp-json\/wp\/v2\/pages\/2739"}],"wp:attachment":[{"href":"https:\/\/ready4uni.eu\/index.php\/wp-json\/wp\/v2\/media?parent=2814"}],"curies":[{"name":"wp","href":"https:\/\/api.w.org\/{rel}","templated":true}]}}